{"id":16853,"date":"2020-06-23T09:04:22","date_gmt":"2020-06-23T08:04:22","guid":{"rendered":"https:\/\/kelensc.hu\/?post_type=product&#038;p=16853"},"modified":"2020-06-26T07:10:44","modified_gmt":"2020-06-26T06:10:44","slug":"a-szektor","status":"publish","type":"product","link":"https:\/\/kelensc.hu\/index.php\/termek\/a-szektor\/","title":{"rendered":"&#8222;A&#8221; SZEKTOR"},"content":{"rendered":"<p class=\"x_MsoNormal\"><b>Tisztelt l\u00e1togat\u00f3!<\/b><\/p>\n<p class=\"x_MsoNormal\">Klubunk c\u00e9lja, hogy a centerp\u00e1ly\u00e1n rendezend\u0151 m\u00e9rk\u0151z\u00e9sek val\u00f3di futball\u00e9lm\u00e9nyt jelentsenek mindny\u00e1junknak, \u00edgy nagy \u00f6r\u00f6m, hogy a 2020\/2021-es szezont\u00f3l kezd\u0151d\u0151en \u00faj, 400 f\u0151s lel\u00e1t\u00f3n fogadhatjuk szurkol\u00f3inkat a Kelen-meccsekre. Azt m\u00e1r eld\u00f6nt\u00f6tt\u00fck, hogy feln\u0151tt csapataink tal\u00e1lkoz\u00f3ira nem k\u00e9r\u00fcnk bel\u00e9p\u0151t a k\u00f6vetkez\u0151 id\u00e9nyben, ugyanakkor, a vel\u00fcnk szimpatiz\u00e1l\u00f3 szurkol\u00f3k, csal\u00e1dok \u00e9s c\u00e9gek nagy seg\u00edts\u00e9get jelenthetnek az \u00e1lland\u00f3an fejl\u0151d\u0151 Kelennek, hiszen mag\u00e1nszem\u00e9lyk\u00e9nt \u00e9s gazdas\u00e1gi t\u00e1rsas\u00e1gk\u00e9nt is lehet\u0151s\u00e9g ny\u00edlik n\u00e9vre sz\u00f3l\u00f3 \u00fcl\u0151helyet v\u00e1ltani klubunk \u00faj f\u0151lel\u00e1t\u00f3j\u00e1n. A z\u00f6ld-feh\u00e9rben pomp\u00e1z\u00f3 trib\u00fcn\u00f6n \u00f6sszesen n\u00e9gysz\u00e1zan f\u00e9rnek majd el, k\u00f6z\u00fcl\u00fck k\u00e9tsz\u00e1zan fedett lel\u00e1t\u00f3 alatt szor\u00edthatnak a Kelennek, a szem\u00e9lyre sz\u00f3l\u00f3 \u2013 n\u00e9vt\u00e1bl\u00e1val ell\u00e1tott \u2013 sz\u00e9kek b\u00e9rlete pedig a teljes szezonra sz\u00f3l.<\/p>\n<p class=\"x_MsoNormal\">A klubunkat \u00edgy t\u00e1mogat\u00f3k neveit k\u00fcl\u00f6n eml\u00e9kt\u00e1bl\u00e1n is meg\u00f6r\u00f6k\u00edtj\u00fck, amely a f\u0151lel\u00e1t\u00f3 mellett fogja hirdetni a Kelen-k\u00f6z\u00f6ss\u00e9g \u00f6sszetartoz\u00e1s\u00e1t \u00e9s erej\u00e9t. Az eg\u00e9sz \u00e9ves szezonb\u00e9rletet jelent\u0151 t\u00e1mogat\u00f3i programban \u2013 mely term\u00e9szetesen f\u00e9rfi \u00e9s n\u0151i feln\u0151tt csapataink meccseire is foglalt \u00e9s tiszta \u00fcl\u0151helyet jelent \u2013 fedett lel\u00e1t\u00f3 eset\u00e9n 15\u00a0000, m\u00edg a trib\u00fcn k\u00e9t sz\u00e9l\u00e9n l\u00e9v\u0151, fedetlen szektorok eset\u00e9ben 10\u00a0000 forintos \u00f6sszeg\u00e9rt cser\u00e9be szurkolhatnak legelk\u00f6telezettebb szimpatiz\u00e1nsaink a 2020\/2021-es szezonban.<\/p>\n<p class=\"x_MsoNormal\"><b>Hogyan tudom lefoglalni a sz\u00e9kemet?<\/b><\/p>\n<ol>\n<li class=\"x_gmail-MsoListParagraphCxSpFirst\">Kattintson arra a szektorra, amelyben szeretn\u00e9 hely\u00e9t eg\u00e9sz \u00e9vre lefoglalni;<\/li>\n<li class=\"x_gmail-MsoListParagraphCxSpMiddle\">A kiv\u00e1lasztott szektort mutat\u00f3 \u00faj ablakban v\u00e1lassza ki azt az \u00fcl\u0151helyet, vagy \u00fcl\u0151helyeket, amelyeket szeretne lefoglalni;<\/li>\n<li class=\"x_gmail-MsoListParagraphCxSpMiddle\">Ezut\u00e1n kattintson a <b>kos\u00e1rba teszem<\/b>\u00a0 gombra;<\/li>\n<li class=\"x_gmail-MsoListParagraphCxSpMiddle\">Ha megt\u00f6rt\u00e9nt a helyek kos\u00e1rba t\u00e9tele, a t\u00e1mogat\u00e1s v\u00e9gleges\u00edt\u00e9s\u00e9hez kattintson a <b>kos\u00e1r<\/b>\u00a0gombra;<\/li>\n<li class=\"x_gmail-MsoListParagraphCxSpMiddle\">Itt l\u00e1thatja virtu\u00e1lis kosar\u00e1nak tartalm\u00e1t, melyben v\u00e9gleges\u00edtheti t\u00e1mogat\u00f3i sz\u00e1nd\u00e9k\u00e1t a <b>tov\u00e1bb a p\u00e9nzt\u00e1rhoz<\/b>\u00a0gombra kattintva, illetve m\u00f3dos\u00edthatja \u2013 t\u00f6r\u00f6lheti \u2013 is a foglal\u00e1st az\u00a0<b>X<\/b>-re kattintva;<\/li>\n<li class=\"x_gmail-MsoListParagraphCxSpMiddle\">Fontos, hogy a t\u00e1mogat\u00e1shoz sz\u00fcks\u00e9ges adatokat pontosan t\u00f6ltse ki, illetve hogy elolvassa \u00e9s elfogadja t\u00e1mogat\u00e1si szab\u00e1lyzatunkat. Ha minden k\u00f6telez\u0151 mez\u0151t kit\u00f6lt\u00f6tt, kattintson a <b>megrendel\u00e9s elk\u00fcld\u00e9se<\/b>\u00a0gombra;<\/li>\n<li class=\"x_gmail-MsoListParagraphCxSpMiddle\">Ezzel foglal\u00e1sa m\u00e1r k\u00e9sz is van! Megrendel\u00e9s\u00e9r\u0151l \u2013 a foglal\u00e1sn\u00e1l megadott e-mail c\u00edmre \u2013 egy meger\u0151s\u00edt\u0151, visszaigazol\u00f3 e-mailt k\u00fcld\u00fcnk, melyben l\u00e1thatja \u00e9s leellen\u0151rizheti megadott adatait, illetve amelyben megtal\u00e1lja a Kelen sz\u00e1ml\u00e1z\u00e1si adatait az elektronikus utal\u00e1shoz.<\/li>\n<li class=\"x_gmail-MsoListParagraphCxSpLast\">A szem\u00e9lyre sz\u00f3l\u00f3 \u00fcl\u0151hely megv\u00e1s\u00e1rl\u00e1s\u00e1hoz, a n\u00e9vt\u00e1bla sz\u00e9kre helyez\u00e9s\u00e9hez \u00e9s az eg\u00e9sz \u00e9ves \u00e9lm\u00e9nyhez ezut\u00e1n nincs m\u00e1s dolga, mint a foglal\u00e1st\u00f3l sz\u00e1m\u00edtott 72 \u00f3r\u00e1n bel\u00fcl elutalni az \u00fcl\u0151helyhez tartoz\u00f3 t\u00e1mogat\u00f3i \u00f6sszeget klubunk sz\u00e1mlasz\u00e1m\u00e1ra, amelyet a meger\u0151s\u00edt\u0151 e-mailben tal\u00e1l majd. Amennyiben a megjel\u00f6lt id\u0151intervallumban nem \u00e9rkezik meg klubunkhoz szurkol\u00f3nk t\u00e1mogat\u00e1sa, \u00fagy a kor\u00e1bban lefoglalt sz\u00e9k \u00fajra szabadd\u00e1 v\u00e1lik b\u00e1rki sz\u00e1m\u00e1ra.<\/li>\n<\/ol>\n","protected":false},"excerpt":{"rendered":"<p>Tisztelt l\u00e1togat\u00f3! Klubunk c\u00e9lja, hogy a centerp\u00e1ly\u00e1n rendezend\u0151 m\u00e9rk\u0151z\u00e9sek val\u00f3di futball\u00e9lm\u00e9nyt jelentsenek mindny\u00e1junknak, \u00edgy nagy \u00f6r\u00f6m, hogy a 2020\/2021-es szezont\u00f3l kezd\u0151d\u0151en \u00faj, 400 f\u0151s lel\u00e1t\u00f3n fogadhatjuk szurkol\u00f3inkat a Kelen-meccsekre. Azt m\u00e1r eld\u00f6nt\u00f6tt\u00fck, hogy feln\u0151tt csapataink tal\u00e1lkoz\u00f3ira nem k\u00e9r\u00fcnk bel\u00e9p\u0151t a k\u00f6vetkez\u0151 id\u00e9nyben, ugyanakkor, a vel\u00fcnk szimpatiz\u00e1l\u00f3 szurkol\u00f3k, csal\u00e1dok \u00e9s c\u00e9gek nagy seg\u00edts\u00e9get jelenthetnek az \u00e1lland\u00f3an&#8230;<\/p>\n","protected":false},"featured_media":16818,"template":"","meta":{"inline_featured_image":false,"_exactmetrics_skip_tracking":false,"_exactmetrics_sitenote_active":false,"_exactmetrics_sitenote_note":"","_exactmetrics_sitenote_category":0},"product_cat":[219],"product_tag":[],"_links":{"self":[{"href":"https:\/\/kelensc.hu\/index.php\/wp-json\/wp\/v2\/product\/16853"}],"collection":[{"href":"https:\/\/kelensc.hu\/index.php\/wp-json\/wp\/v2\/product"}],"about":[{"href":"https:\/\/kelensc.hu\/index.php\/wp-json\/wp\/v2\/types\/product"}],"wp:featuredmedia":[{"embeddable":true,"href":"https:\/\/kelensc.hu\/index.php\/wp-json\/wp\/v2\/media\/16818"}],"wp:attachment":[{"href":"https:\/\/kelensc.hu\/index.php\/wp-json\/wp\/v2\/media?parent=16853"}],"wp:term":[{"taxonomy":"product_cat","embeddable":true,"href":"https:\/\/kelensc.hu\/index.php\/wp-json\/wp\/v2\/product_cat?post=16853"},{"taxonomy":"product_tag","embeddable":true,"href":"https:\/\/kelensc.hu\/index.php\/wp-json\/wp\/v2\/product_tag?post=16853"}],"curies":[{"name":"wp","href":"https:\/\/api.w.org\/{rel}","templated":true}]}}